{"id":3,"date":"2023-02-22T14:01:52","date_gmt":"2023-02-22T14:01:52","guid":{"rendered":"https:\/\/www.radiotaxicatalunya.cat\/?page_id=3"},"modified":"2023-04-05T13:44:29","modified_gmt":"2023-04-05T13:44:29","slug":"politica-de-privacidad","status":"publish","type":"page","link":"https:\/\/www.radiotaxicatalunya.cat\/es\/politica-de-privacidad\/","title":{"rendered":"Pol\u00edtica de privacidad"},"content":{"rendered":"<p>[et_pb_section fb_built=\u00bb1&#8243; fullwidth=\u00bbon\u00bb _builder_version=\u00bb4.20.0&#8243; _module_preset=\u00bbdefault\u00bb global_colors_info=\u00bb{}\u00bb][et_pb_fullwidth_header title=\u00bbPol\u00edtica de privacidad\u00bb _builder_version=\u00bb4.20.0&#8243; _module_preset=\u00bbdefault\u00bb global_colors_info=\u00bb{}\u00bb][\/et_pb_fullwidth_header][\/et_pb_section][et_pb_section fb_built=\u00bb1&#8243; module_id=\u00bblegal\u00bb _builder_version=\u00bb4.20.0&#8243; _module_preset=\u00bbdefault\u00bb global_colors_info=\u00bb{}\u00bb][et_pb_row _builder_version=\u00bb4.20.0&#8243; _module_preset=\u00bbdefault\u00bb global_colors_info=\u00bb{}\u00bb][et_pb_column type=\u00bb4_4&#8243; _builder_version=\u00bb4.20.0&#8243; _module_preset=\u00bbdefault\u00bb global_colors_info=\u00bb{}\u00bb][et_pb_text _builder_version=\u00bb4.20.0&#8243; _module_preset=\u00bbdefault\u00bb hover_enabled=\u00bb0&#8243; global_colors_info=\u00bb{}\u00bb sticky_enabled=\u00bb0&#8243;]En AGRUPACI\u00f3N TAXIS CATALUNYA SABADELL S.L. nos comprometemos a asegurar que su informaci\u00f3n personal se encuentre protegida y no se utilice de forma indebida.<\/p>\n<p>De conformidad con el Reglamento (UE) 2016\/679, del Parlamento Europeo y del Consejo, de 27 de abril de 2016, relativo a la protecci\u00f3n de las personas f\u00edsicas en lo que respecta al tratamiento de datos personales y a la libre circulaci\u00f3n de estos datos (Reglamento General de Protecci\u00f3n de Datos \u2013 RGPD), AGRUPACI\u00f3N TAXIS CATALUNYA SABADELL S.L., informa a los usuarios de la web www.radiotaxicatalunya.cat, (en adelante, la WEB), acerca del tratamiento de los datos personales, que ellos voluntariamente hayan facilitado durante el proceso de registro, acceso y utilizaci\u00f3n de cualquiera de los servicios ofrecidos por la WEB .<\/p>\n<h3>1.IDENTIFICACI\u00d3N DEL RESPONSABLE DEL TRATAMIENTO.<\/h3>\n<p>El responsable del tratamiento es la persona f\u00edsica o jur\u00eddica, autoridad p\u00fablica, servicio u otro organismo que, solo o junto con otros, determine los fines y medios del tratamiento. El responsable es: AGRUPACI\u00f3N TAXIS CATALUNYA SABADELL S.L., con CIF\/NIF n\u00ba: B66966615 y domicilio a efectos de notificaciones en: CARRER SANT MATIES, 91, SABADELL, Barcelona, Espa\u00f1a. Registro Mercantil de Barcelona e inscrita el 09\/05\/2017, Tomo 45910, Folio 101, Secci\u00f3n 8, Hoja 502751, Inscripci\u00f3n 1, responsable del tratamiento de los datos facilitados por los clientes de la WEB (en adelante, el\/los Usuario\/s).<\/p>\n<h3>2.FINALIDAD DEL TRATAMIENTO DE DATOS.<\/h3>\n<p>Para proceder al registro, acceso y posterior de los servicios a trav\u00e9s de la WEB , el Usuario deber\u00e1 facilitar -de forma voluntaria-, datos de car\u00e1cter personal (esencialmente, identificativos y de contacto), los cuales ser\u00e1n incorporados a soportes automatizados titularidad de AGRUPACI\u00f3N TAXIS CATALUNYA SABADELL S.L.<\/p>\n<p>La recogida, almacenamiento, modificaci\u00f3n, estructuraci\u00f3n y en su caso, eliminaci\u00f3n, de los datos proporcionados por los Usuarios, constituir\u00e1n operaciones de tratamiento llevadas a cabo por el responsable, con la finalidad de garantizar el correcto funcionamiento de la WEB, mantener la relaci\u00f3n de prestaci\u00f3n de servicios y\/o comercial con el Usuario, y para la gesti\u00f3n, administraci\u00f3n, informaci\u00f3n, prestaci\u00f3n y mejora del servicio:<\/p>\n<ul>\n<li>Gesti\u00f3n de solicitudes de productos y\/o servicios.<\/li>\n<li>Servicios de informaci\u00f3n a clientes o futuros clientes.<\/li>\n<li>Servicios de atenci\u00f3n y soporte t\u00e9cnico a clientes.<\/li>\n<li>Gesti\u00f3n de cobro a clientes.<\/li>\n<li>Contribuir al desarrollo estrat\u00e9gico del negocio.<\/li>\n<li>Controlar el uso que se hace de la p\u00e1gina web.<\/li>\n<\/ul>\n<p>Los datos personales facilitados por el Usuario -especialmente, el correo electr\u00f3nico o e-mail- podr\u00e1n emplearse tambi\u00e9n para remitir boletines (newsletters), as\u00ed como comunicaciones comerciales de promociones y\/o publicidad de la Aplicaci\u00f3n, siempre y cuando, el Usuario haya prestado previamente su consentimiento expreso para la recepci\u00f3n de estas comunicaciones v\u00eda electr\u00f3nica a trav\u00e9s de la \u201cAceptaci\u00f3n de las condiciones generales\u201d.<\/p>\n<h3>3.LEGITIMACI\u00d3N.<\/h3>\n<p>El tratamiento de los datos del Usuario, se realiza con las siguientes bases jur\u00eddicas que legitiman el mismo:<\/p>\n<ul>\n<li>La solicitud de informaci\u00f3n y\/o la contrataci\u00f3n de los servicios de la Aplicaci\u00f3n, cuyos t\u00e9rminos y condiciones se pondr\u00e1n a disposici\u00f3n del Usuario en todo caso, con car\u00e1cter previo, para su expresa aceptaci\u00f3n.<\/li>\n<li>El consentimiento libre, espec\u00edfico, informado e inequ\u00edvoco del Usuario, poniendo a su disposici\u00f3n la presente pol\u00edtica de privacidad, que deber\u00e1 aceptar mediante una declaraci\u00f3n o una clara acci\u00f3n afirmativa, como el marcado de una casilla dispuesta al efecto.<\/li>\n<\/ul>\n<p>En caso de que el Usuario no facilite a AGRUPACI\u00f3N TAXIS CATALUNYA SABADELL S.L. sus datos, o lo haga de forma err\u00f3nea o incompleta, no ser\u00e1 posible proceder al uso de la Aplicaci\u00f3n.<\/p>\n<h3>4.CONSERVACI\u00d3N DE LOS DATOS PERSONALES.<\/h3>\n<p>Los datos personales proporcionados por el Usuario se conservar\u00e1n en los sistemas y bases de datos del Responsable del tratamiento, mientras aqu\u00e9l contin\u00fae haciendo uso de la Aplicaci\u00f3n, y siempre que no solicite su supresi\u00f3n.<\/p>\n<p>Con el objetivo de depurar las posibles responsabilidades derivadas del tratamiento, los datos se conservar\u00e1n por un per\u00edodo m\u00ednimo de cinco a\u00f1os.<\/p>\n<h3>5.DESTINATARIOS.<\/h3>\n<p>Los datos no se comunicar\u00e1n a ning\u00fan tercero ajeno a AGRUPACI\u00f3N TAXIS CATALUNYA SABADELL S.L., salvo obligaci\u00f3n legal o en cualquier caso, previa solicitud del consentimiento del Usuario.<\/p>\n<p>De otra parte, AGRUPACI\u00f3N TAXIS CATALUNYA SABADELL S.L. podr\u00e1 dar acceso o transmitir los datos personales facilitados por el Usuario, a terceros proveedores de servicios, con los que haya suscrito acuerdos de encargo de tratamiento de datos, y que \u00fanicamente accedan a dicha informaci\u00f3n para prestar un servicio en favor y por cuenta del responsable.<\/p>\n<p>AGRUPACI\u00f3N TAXIS CATALUNYA SABADELL S.L. no vende, cede, arrienda ni transmite de ninguna forma informaci\u00f3n o datos de car\u00e1cter personal de sus Clientes\/Usuarios o a terceros ajenos a la actividad para la que se facilitaron.<\/p>\n<h3>6.RETENCI\u00d3N DE DATOS.<\/h3>\n<p>AGRUPACI\u00f3N TAXIS CATALUNYA SABADELL S.L., informa al Usuario de que, como prestador de servicio de alojamiento de datos y en virtud de lo establecido en la Ley 34\/2002 de 11 de julio de Servicios de la Sociedad de la Informaci\u00f3n y de Comercio Electr\u00f3nico (LSSI), retiene por un per\u00edodo m\u00e1ximo de 12 meses la informaci\u00f3n imprescindible para identificar el origen de los datos alojados y el momento en que se inici\u00f3 la prestaci\u00f3n del servicio.<\/p>\n<p>La retenci\u00f3n de estos datos no afecta al secreto de las comunicaciones y s\u00f3lo podr\u00e1n ser utilizados en el marco de una investigaci\u00f3n criminal o para la salvaguardia de la seguridad p\u00fablica, poni\u00e9ndose a disposici\u00f3n de los jueces y\/o tribunales o del Ministerio que as\u00ed los requiera.<\/p>\n<p>La comunicaci\u00f3n de datos a las Fuerzas y Cuerpos de Seguridad del Estado, se har\u00e1 en virtud de lo dispuesto por la normativa sobre protecci\u00f3n de datos personales, y bajo el m\u00e1ximo respeto a la misma.<\/p>\n<h3>7.PROTECCI\u00d3N DE LA INFORMACI\u00d3N ALOJADA.<\/h3>\n<p>El Responsable del Tratamiento, adopta las medidas necesarias para garantizar la seguridad, integridad y confidencialidad de los datos conforme a lo dispuesto en el Reglamento (UE) 2016\/679 del Parlamento Europeo y del Consejo, de 27 de abril de 2016, relativo a la protecci\u00f3n de las personas f\u00edsicas en lo que respecta al tratamiento de datos personales y a la libre circulaci\u00f3n de los mismos.<\/p>\n<p>Si bien el responsable, realiza copias de seguridad de los contenidos alojados en sus servidores, sin embargo no se responsabiliza de la p\u00e9rdida o el borrado accidental de los datos por parte de los Usuarios. De igual manera, no garantiza la reposici\u00f3n total de los datos borrados por los Usuarios, ya que los citados datos podr\u00edan haber sido suprimidos y\/o modificados durante el periodo de tiempo transcurrido desde la \u00faltima copia de seguridad.<\/p>\n<p>Los servicios facilitados o prestados a trav\u00e9s de la Aplicaci\u00f3n, excepto los servicios espec\u00edficos de backup, no incluyen la reposici\u00f3n de los contenidos conservados en las copias de seguridad realizadas por el Responsable del Tratamiento, cuando esta p\u00e9rdida sea imputable al usuario; en este caso, se determinar\u00e1 una tarifa acorde a la complejidad y volumen de la recuperaci\u00f3n, siempre previa aceptaci\u00f3n del usuario. La reposici\u00f3n de datos borrados s\u00f3lo est\u00e1 incluida en el precio del servicio cuando la p\u00e9rdida del contenido sea debida a causas atribuibles al Responsable.<\/p>\n<h3>8.EJERCICIO DE DERECHOS.<\/h3>\n<p>AGRUPACI\u00f3N TAXIS CATALUNYA SABADELL S.L., informa al Usuario de que le asisten los derechos de acceso, rectificaci\u00f3n, limitaci\u00f3n, supresi\u00f3n, oposici\u00f3n y portabilidad, los cuales podr\u00e1 ejercitar mediante petici\u00f3n dirigida al correo electr\u00f3nico: info@radiotaxicatalunya.cat<\/p>\n<p>Asimismo, el Usuario tiene derecho a revocar el consentimiento inicialmente prestado, y a interponer reclamaciones de derechos frente a la Agencia Espa\u00f1ola de Protecci\u00f3n de Datos (AEPD).<\/p>\n<h3>9.COMUNICACIONES COMERCIALES POR V\u00cdA ELECTR\u00d3NICA.<\/h3>\n<p>En aplicaci\u00f3n de la LSSI (Ley de Servicios de la Sociedad de la Informaci\u00f3n), AGRUPACI\u00f3N TAXIS CATALUNYA SABADELL S.L., no enviar\u00e1 comunicaciones publicitarias o promocionales por correo electr\u00f3nico u otro medio de comunicaci\u00f3n electr\u00f3nica equivalente que previamente no hubieran sido solicitadas o expresamente autorizadas por los destinatarios de las mismas. En el caso de usuarios con los que exista una relaci\u00f3n contractual, jur\u00eddica o de servicios previa, el Responsable del Tratamiento, s\u00ed est\u00e1 autorizado al env\u00edo de comunicaciones comerciales referentes a productos o servicios del responsable que sean similares a los que inicialmente fueron objeto de contrataci\u00f3n con el cliente.<\/p>\n<p>En caso de que el Usuario quiera darse de baja a la hora de recibir las citadas comunicaciones, podr\u00e1 hacerlo remitiendo su voluntad por e-mail al correo electr\u00f3nico: info@radiotaxicatalunya.cat[\/et_pb_text][\/et_pb_column][\/et_pb_row][\/et_pb_section]<\/p>\n","protected":false},"excerpt":{"rendered":"<p>En AGRUPACI\u00f3N TAXIS CATALUNYA SABADELL S.L. nos comprometemos a asegurar que su informaci\u00f3n personal se encuentre protegida y no se utilice de forma indebida. De conformidad con el Reglamento (UE) 2016\/679, del Parlamento Europeo y del Consejo, de 27 de abril de 2016, relativo a la protecci\u00f3n de las personas f\u00edsicas en lo que respecta [&hellip;]<\/p>\n","protected":false},"author":1,"featured_media":0,"parent":0,"menu_order":0,"comment_status":"closed","ping_status":"open","template":"","meta":{"_et_pb_use_builder":"on","_et_pb_old_content":"","_et_gb_content_width":"","_joinchat":[],"footnotes":""},"class_list":["post-3","page","type-page","status-publish","hentry"],"_links":{"self":[{"href":"https:\/\/www.radiotaxicatalunya.cat\/es\/wp-json\/wp\/v2\/pages\/3","targetHints":{"allow":["GET"]}}],"collection":[{"href":"https:\/\/www.radiotaxicatalunya.cat\/es\/wp-json\/wp\/v2\/pages"}],"about":[{"href":"https:\/\/www.radiotaxicatalunya.cat\/es\/wp-json\/wp\/v2\/types\/page"}],"author":[{"embeddable":true,"href":"https:\/\/www.radiotaxicatalunya.cat\/es\/wp-json\/wp\/v2\/users\/1"}],"replies":[{"embeddable":true,"href":"https:\/\/www.radiotaxicatalunya.cat\/es\/wp-json\/wp\/v2\/comments?post=3"}],"version-history":[{"count":6,"href":"https:\/\/www.radiotaxicatalunya.cat\/es\/wp-json\/wp\/v2\/pages\/3\/revisions"}],"predecessor-version":[{"id":289,"href":"https:\/\/www.radiotaxicatalunya.cat\/es\/wp-json\/wp\/v2\/pages\/3\/revisions\/289"}],"wp:attachment":[{"href":"https:\/\/www.radiotaxicatalunya.cat\/es\/wp-json\/wp\/v2\/media?parent=3"}],"curies":[{"name":"wp","href":"https:\/\/api.w.org\/{rel}","templated":true}]}}

Política de privacidad

<p>[et_pb_section fb_built=»1&#8243; fullwidth=»on» _builder_version=»4.20.0&#8243; _module_preset=»default» global_colors_info=»{}»][et_pb_fullwidth_header title=»Política de privacidad» _builder_version=»4.20.0&#8243; _module_preset=»default» global_colors_info=»{}»][/et_pb_fullwidth_header][/et_pb_section][et_pb_section fb_built=»1&#8243; module_id=»legal» _builder_version=»4.20.0&#8243; _module_preset=»default» global_colors_info=»{}»][et_pb_row _builder_version=»4.20.0&#8243; _module_preset=»default» global_colors_info=»{}»][et_pb_column type=»4_4&#8243; _builder_version=»4.20.0&#8243; _module_preset=»default» global_colors_info=»{}»][et_pb_text _builder_version=»4.20.0&#8243; _module_preset=»default» hover_enabled=»0&#8243; global_colors_info=»{}» sticky_enabled=»0&#8243;]En AGRUPACIóN TAXIS CATALUNYA SABADELL S.L. nos comprometemos a asegurar que su información personal se encuentre protegida y no se utilice de forma indebida.</p>
<p>De conformidad con el Reglamento (UE) 2016/679, del Parlamento Europeo y del Consejo, de 27 de abril de 2016, relativo a la protección de las personas físicas en lo que respecta al tratamiento de datos personales y a la libre circulación de estos datos (Reglamento General de Protección de Datos – RGPD), AGRUPACIóN TAXIS CATALUNYA SABADELL S.L., informa a los usuarios de la web www.radiotaxicatalunya.cat, (en adelante, la WEB), acerca del tratamiento de los datos personales, que ellos voluntariamente hayan facilitado durante el proceso de registro, acceso y utilización de cualquiera de los servicios ofrecidos por la WEB .</p>
<h3>1.IDENTIFICACIÓN DEL RESPONSABLE DEL TRATAMIENTO.</h3>
<p>El responsable del tratamiento es la persona física o jurídica, autoridad pública, servicio u otro organismo que, solo o junto con otros, determine los fines y medios del tratamiento. El responsable es: AGRUPACIóN TAXIS CATALUNYA SABADELL S.L., con CIF/NIF nº: B66966615 y domicilio a efectos de notificaciones en: CARRER SANT MATIES, 91, SABADELL, Barcelona, España. Registro Mercantil de Barcelona e inscrita el 09/05/2017, Tomo 45910, Folio 101, Sección 8, Hoja 502751, Inscripción 1, responsable del tratamiento de los datos facilitados por los clientes de la WEB (en adelante, el/los Usuario/s).</p>
<h3>2.FINALIDAD DEL TRATAMIENTO DE DATOS.</h3>
<p>Para proceder al registro, acceso y posterior de los servicios a través de la WEB , el Usuario deberá facilitar -de forma voluntaria-, datos de carácter personal (esencialmente, identificativos y de contacto), los cuales serán incorporados a soportes automatizados titularidad de AGRUPACIóN TAXIS CATALUNYA SABADELL S.L.</p>
<p>La recogida, almacenamiento, modificación, estructuración y en su caso, eliminación, de los datos proporcionados por los Usuarios, constituirán operaciones de tratamiento llevadas a cabo por el responsable, con la finalidad de garantizar el correcto funcionamiento de la WEB, mantener la relación de prestación de servicios y/o comercial con el Usuario, y para la gestión, administración, información, prestación y mejora del servicio:</p>
<ul>
<li>Gestión de solicitudes de productos y/o servicios.</li>
<li>Servicios de información a clientes o futuros clientes.</li>
<li>Servicios de atención y soporte técnico a clientes.</li>
<li>Gestión de cobro a clientes.</li>
<li>Contribuir al desarrollo estratégico del negocio.</li>
<li>Controlar el uso que se hace de la página web.</li>
</ul>
<p>Los datos personales facilitados por el Usuario -especialmente, el correo electrónico o e-mail- podrán emplearse también para remitir boletines (newsletters), así como comunicaciones comerciales de promociones y/o publicidad de la Aplicación, siempre y cuando, el Usuario haya prestado previamente su consentimiento expreso para la recepción de estas comunicaciones vía electrónica a través de la “Aceptación de las condiciones generales”.</p>
<h3>3.LEGITIMACIÓN.</h3>
<p>El tratamiento de los datos del Usuario, se realiza con las siguientes bases jurídicas que legitiman el mismo:</p>
<ul>
<li>La solicitud de información y/o la contratación de los servicios de la Aplicación, cuyos términos y condiciones se pondrán a disposición del Usuario en todo caso, con carácter previo, para su expresa aceptación.</li>
<li>El consentimiento libre, específico, informado e inequívoco del Usuario, poniendo a su disposición la presente política de privacidad, que deberá aceptar mediante una declaración o una clara acción afirmativa, como el marcado de una casilla dispuesta al efecto.</li>
</ul>
<p>En caso de que el Usuario no facilite a AGRUPACIóN TAXIS CATALUNYA SABADELL S.L. sus datos, o lo haga de forma errónea o incompleta, no será posible proceder al uso de la Aplicación.</p>
<h3>4.CONSERVACIÓN DE LOS DATOS PERSONALES.</h3>
<p>Los datos personales proporcionados por el Usuario se conservarán en los sistemas y bases de datos del Responsable del tratamiento, mientras aquél continúe haciendo uso de la Aplicación, y siempre que no solicite su supresión.</p>
<p>Con el objetivo de depurar las posibles responsabilidades derivadas del tratamiento, los datos se conservarán por un período mínimo de cinco años.</p>
<h3>5.DESTINATARIOS.</h3>
<p>Los datos no se comunicarán a ningún tercero ajeno a AGRUPACIóN TAXIS CATALUNYA SABADELL S.L., salvo obligación legal o en cualquier caso, previa solicitud del consentimiento del Usuario.</p>
<p>De otra parte, AGRUPACIóN TAXIS CATALUNYA SABADELL S.L. podrá dar acceso o transmitir los datos personales facilitados por el Usuario, a terceros proveedores de servicios, con los que haya suscrito acuerdos de encargo de tratamiento de datos, y que únicamente accedan a dicha información para prestar un servicio en favor y por cuenta del responsable.</p>
<p>AGRUPACIóN TAXIS CATALUNYA SABADELL S.L. no vende, cede, arrienda ni transmite de ninguna forma información o datos de carácter personal de sus Clientes/Usuarios o a terceros ajenos a la actividad para la que se facilitaron.</p>
<h3>6.RETENCIÓN DE DATOS.</h3>
<p>AGRUPACIóN TAXIS CATALUNYA SABADELL S.L., informa al Usuario de que, como prestador de servicio de alojamiento de datos y en virtud de lo establecido en la Ley 34/2002 de 11 de julio de Servicios de la Sociedad de la Información y de Comercio Electrónico (LSSI), retiene por un período máximo de 12 meses la información imprescindible para identificar el origen de los datos alojados y el momento en que se inició la prestación del servicio.</p>
<p>La retención de estos datos no afecta al secreto de las comunicaciones y sólo podrán ser utilizados en el marco de una investigación criminal o para la salvaguardia de la seguridad pública, poniéndose a disposición de los jueces y/o tribunales o del Ministerio que así los requiera.</p>
<p>La comunicación de datos a las Fuerzas y Cuerpos de Seguridad del Estado, se hará en virtud de lo dispuesto por la normativa sobre protección de datos personales, y bajo el máximo respeto a la misma.</p>
<h3>7.PROTECCIÓN DE LA INFORMACIÓN ALOJADA.</h3>
<p>El Responsable del Tratamiento, adopta las medidas necesarias para garantizar la seguridad, integridad y confidencialidad de los datos conforme a lo dispuesto en el Reglamento (UE) 2016/679 del Parlamento Europeo y del Consejo, de 27 de abril de 2016, relativo a la protección de las personas físicas en lo que respecta al tratamiento de datos personales y a la libre circulación de los mismos.</p>
<p>Si bien el responsable, realiza copias de seguridad de los contenidos alojados en sus servidores, sin embargo no se responsabiliza de la pérdida o el borrado accidental de los datos por parte de los Usuarios. De igual manera, no garantiza la reposición total de los datos borrados por los Usuarios, ya que los citados datos podrían haber sido suprimidos y/o modificados durante el periodo de tiempo transcurrido desde la última copia de seguridad.</p>
<p>Los servicios facilitados o prestados a través de la Aplicación, excepto los servicios específicos de backup, no incluyen la reposición de los contenidos conservados en las copias de seguridad realizadas por el Responsable del Tratamiento, cuando esta pérdida sea imputable al usuario; en este caso, se determinará una tarifa acorde a la complejidad y volumen de la recuperación, siempre previa aceptación del usuario. La reposición de datos borrados sólo está incluida en el precio del servicio cuando la pérdida del contenido sea debida a causas atribuibles al Responsable.</p>
<h3>8.EJERCICIO DE DERECHOS.</h3>
<p>AGRUPACIóN TAXIS CATALUNYA SABADELL S.L., informa al Usuario de que le asisten los derechos de acceso, rectificación, limitación, supresión, oposición y portabilidad, los cuales podrá ejercitar mediante petición dirigida al correo electrónico: info@radiotaxicatalunya.cat</p>
<p>Asimismo, el Usuario tiene derecho a revocar el consentimiento inicialmente prestado, y a interponer reclamaciones de derechos frente a la Agencia Española de Protección de Datos (AEPD).</p>
<h3>9.COMUNICACIONES COMERCIALES POR VÍA ELECTRÓNICA.</h3>
<p>En aplicación de la LSSI (Ley de Servicios de la Sociedad de la Información), AGRUPACIóN TAXIS CATALUNYA SABADELL S.L., no enviará comunicaciones publicitarias o promocionales por correo electrónico u otro medio de comunicación electrónica equivalente que previamente no hubieran sido solicitadas o expresamente autorizadas por los destinatarios de las mismas. En el caso de usuarios con los que exista una relación contractual, jurídica o de servicios previa, el Responsable del Tratamiento, sí está autorizado al envío de comunicaciones comerciales referentes a productos o servicios del responsable que sean similares a los que inicialmente fueron objeto de contratación con el cliente.</p>
<p>En caso de que el Usuario quiera darse de baja a la hora de recibir las citadas comunicaciones, podrá hacerlo remitiendo su voluntad por e-mail al correo electrónico: info@radiotaxicatalunya.cat[/et_pb_text][/et_pb_column][/et_pb_row][/et_pb_section]</p>

<p>En AGRUPACIóN TAXIS CATALUNYA SABADELL S.L. nos comprometemos a asegurar que su información personal se encuentre protegida y no se utilice de forma indebida. De conformidad con el Reglamento (UE) 2016/679, del Parlamento Europeo y del Consejo, de 27 de abril de 2016, relativo a la protección de las personas físicas en lo que respecta [&hellip;]</p>
